mmon divisor of k and a.
2
Let c = 175 + -93. Suppose c = 4*v - 10. What is the highest common divisor of 92 and v?
23
Suppose 5*v - 6 = 2*d - 3*d, v - 4*d - 18 = 0. What is the highest common factor of v and 7?
1
Let b = 250 - 87. Let r = 218 - b. Suppose -4*i + 10 = -10. What is the highest common divisor of r and i?
5
Let n = -18 - -34. Suppose 3*q = -t + 427, 0*q + 2*t + 586 = 4*q. Let r = q + -128. Calculate the greatest common divisor of n and r.
16
Suppose -2*d - 3*a + 76 = 0, 38*a - 37*a + 114 = 3*d. Calculate the highest common divisor of d and 2.
2
Suppose 5*k + 684 = -3*z + 4*z, -k = 3*z - 2052. Calculate the highest common factor of 152 and z.
76
Suppose t - 4*v - 59 = -3, -5*t - v = -301. What is the highest common divisor of t and 240?
60
Let j = 101 + -100. Let g(l) = 3*l**3 - 2*l**2 + l. Let t be g(j). What is the highest common divisor of t and 8?
2
Let c be -2 + -1 - (-204 - 19). Suppose 0 = -10*y - 10*y + c. Calculate the highest common factor of y and 253.
11
Suppose d = -5*v + 38, -4*v - 12 = d - 53. Calculate the greatest common factor of d and 1.
1
Let d be (20/(-14))/((-72)/4032). Calculate the greatest common divisor of d and 30.
10
Let w = -1683 + 1701. Calculate the highest common divisor of w and 1746.
18
Let g be ((-260)/(-25))/(2/(-10)) + 2. Let t = g + 74. Calculate the greatest common factor of 60 and t.
12
Suppose 3*m + 410 = 5*b, 0*b = 3*b - 3*m - 246. Let k be 5/10*6 + b. Let a = -43 + 60. Calculate the greatest common divisor of k and a.
17
Suppose 6*r = 8*r - 4. Suppose -3*i + 790 = -r*n, 4*n = -0*n - 20. Let w be i/15 + 1/(-3). What is the greatest common factor of w and 51?
17
Let r(f) = 11*f - 102. Let n be r(10). What is the highest common factor of 28 and n?
4
Suppose 18*y + 273 - 3441 = 0. What is the highest common factor of y and 16?
16
Let g be ((-14)/(-4))/(1/2). Let c(i) = -5*i**2 - 22*i + 9. Let h be c(-5). Let f = h + g. What is the highest common factor of f and 11?
1
Let j(u) = -u**3 + u**2 - 4. Let i be j(3). Let t(g) = -g**2 - 17*g + 27. Let a be t(-19). Let f = a - i. What is the greatest common divisor of 44 and f?
11
Let x = -1 + 6. Suppose -214 = b - 2*a, -x*b + a - 431 = -3*b. Let w be (-16)/(-6)*b/(-8). Calculate the highest common divisor of 9 and w.
9
Let r(n) = 103*n + 1. Let m be r(-1). Let b = -76 - m. What is the greatest common factor of b and 156?
26
Let i = -54 - -69. Let h be 24*1/i*105/2. What is the highest common divisor of h and 126?
42
Suppose 5*g + 0*g - 46 = -4*i, -3*i + 52 = -5*g. What is the greatest common factor of 8 and i?
2
Let b = -23 - -46. Let u(m) = 18*m**2 + 8*m - 3. Let a be u(-4). Calculate the greatest common divisor of a and b.
23
Let c(z) = z + 3. Let u be c(7). Let b = -31 + 148. Let q = -67 + b. What is the highest common factor of q and u?
10
Let o = 2301 + -2257. Calculate the highest common factor of o and 121.
11
Let w = 9 + -6. Let k(x) = 8*x**2 + 6*x + 2. Let l be k(-2). Suppose v - q - 4 = l, 0 = 2*q + 4. What is the greatest common divisor of v and w?
3
Let p(u) = -u**2 - 35 + 73*u - 2*u**2 + 2*u**2 - 94*u. Let m be p(-19). What is the greatest common divisor of m and 12?
3
Let s be (-4)/14 - 24*4330/(-140). What is the greatest common factor of 28 and s?
14
Let i = 114 + -110. Suppose -i*l + 85 = -55. What is the greatest common factor of 7 and l?
7
Suppose -8*z = -6*z - g - 10, -2*g = 4. Suppose 3*j - 510 = -2*a - 60, z*a - 2*j = 916. Calculate the highest common factor of a and 57.
57
Let a be 5/(-30 - -20) - (-590)/4. What is the greatest common divisor of a and 231?
21
Let s(u) = u**3 - 6*u**2 + 8*u - 3. Let w be s(6). Suppose d - 15 = -0*d. What is the highest common divisor of d and w?
15
Let x(o) = 4*o - 14. Let s be x(4). Let n be s/((-1)/(-32)*4). Let w be (n/6)/((-4)/(-6)). What is the greatest common factor of w and 20?
4
Suppose 3 = j, 2*r - 7*r + 45 = 5*j. Let h be (-3)/2*8/r. Let u be 32 - (-1 - h/2). What is the highest common divisor of 16 and u?
16
Let j = -369 - -429. Calculate the highest common factor of 80 and j.
20
Let m = -73 + 118. Suppose 5*l = 150 - m. What is the highest common factor of l and 231?
21
Let c = 27 - -443. Calculate the greatest common factor of c and 94.
94
Let z be (-9)/(-72) + 14/16. Let f be -9*z/(-9)*3. Suppose -o + f*p = -15, 3*p + 68 = 4*o - 10. What is the greatest common factor of 3 and o?
3
Let s be 864/39 + (-4)/26. Calculate the highest common factor of 308 and s.
22
Let p(f) = -3*f - 9. Let l be p(-4). Suppose q - 4*i + 17 = 0, 37 = 5*q + l*i + 7. What is the highest common divisor of q and 12?
3
Let f be 624/(150/120*6/5). Calculate the greatest common factor of f and 26.
26
Let d be (4/6)/((-2)/(-36)). Let m be -5*((-64)/(-10))/4. Let x be (m/(-6))/(1/3). What is the highest common divisor of d and x?
4
Let s be 3280/5 - (-5 + 9 - -4). Calculate the greatest common divisor of 288 and s.
72
Let w be 2 - -4 - 2 - -50. Suppose 0 = -7*n + 4*n + w. Suppose -2*b - 3*b = -90. Calculate the highest common factor of b and n.
18
Let z be (15/3)/(7/14*5). Let c(v) = v**2 + 8*v + 4. Let x be (-40)/(-6)*6/(-5). Let p be c(x). What is the greatest common factor of p and z?
2
Suppose -5*l + 4*w = 40, -32 = 3*l - 3*w - w. Let o = -20 - -10. Let b be l/o + (-390)/(-25). Calculate the highest common factor of 40 and b.
8
Suppose 0 = -4*w - c + 91, 4*c = -3*w + 95 - 17. Let n be (-53)/(-5) + 8/20. Calculate the highest common divisor of w and n.
11
Let v = 1102 - 1053. What is the greatest common factor of v and 343?
49
Let z(g) = 10*g**2 + 31*g + 7. Let k be z(-8). What is the greatest common factor of k and 285?
57
Let p = 3 + 0. Let s be 12/(-8)*(-4)/p. Suppose s*j - 6 + 0 = 0. What is the highest common divisor of 33 and j?
3
Suppose 0 = s + 1 + 4. Let o(m) = m + 11. Let v be o(s). Suppose -5*c - 39 = -4*d, -4*c - 30 = -6*d + 3*d. What is the greatest common divisor of v and d?
6
Let q(b) = 4*b + 5. Suppose -2*w + 11 = -4*j + 3, 2*j + 2*w = -10. Let n be 8 + j + 1/(-1). Let z be q(n). What is the greatest common factor of z and 21?
21
Suppose 3*j - 54 = -4*n - 2*j, 21 = n + 5*j. Suppose -2*f + 54 = 10. Calculate the highest common factor of f and n.
11
Suppose -2*o + 15 = -v - 3, -2*v - 15 = 3*o. Let a(q) = -q**3 - 12*q**2 + 8. Let u be a(v). Calculate the greatest common divisor of 1 and u.
1
Let f be (-4)/(-4) + (0 - -17). Let n(j) = 2*j**2 - 81*j - 255. Let v be n(-3). Calculate the highest common divisor of f and v.
6
Suppose -2*j + 0*j + 856 = -2*s, -5*j - s + 2146 = 0. What is the highest common divisor of 26 and j?
13
Let f(g) be the second derivative of 0 + 17/6*g**3 - 21/2*g**2 - 3*g. Let s be f(7). Calculate the greatest common factor of s and 14.
14
Let o be 22/6 - (-38)/(-57). Suppose -o*c = -c - 204. Calculate the highest common divisor of 68 and c.
34
Let t(b) = -b - 13. Let f be t(-6). Let g = 25 - f. Suppose -g = s - 97. Calculate the highest common divisor of 26 and s.
13
Suppose -9 = -3*i - 27. Let l be (i/4 + 7/(-14))*-28. What is the highest common divisor of l and 7?
7
Suppose 0 = -6*t + t + 5*s + 265, -4*s + 180 = 4*t. Calculate the highest common factor of t and 1.
1
Let l = -1048 + 2970. What is the highest common factor of 62 and l?
62
Let z(s) = -s**3 - 15*s**2 + 2*s - 68. Let n be z(-17). What is the highest common divisor of n and 7?
7
Let j be 3/((-3)/(-13))*(-18)/(-18). Calculate the highest common factor of j and 1.
1
Let w = 6 + -2. Let h(y) = 4*y**2 - 5*y + 22. Let v be h(w). Suppose x = -3*n + 2*n + 39, 0 = 2*x + 5*n - 63. Calculate the greatest common factor of x and v.
22
Let f be ((-20)/(-4))/(2/2). Suppose 2*a = 3*a - f. Suppose -2*i + 11 + 39 = 0. What is the highest common factor of i and a?
5
Let g be (7*(-2)/(-3))/(4/18). Suppose 2*r + 2*z = 12, r + 0*z - 2*z - g = 0. What is the greatest common factor of 11 and r?
11
Suppose 4*k + 5 - 38 = 3*q, 2*q + 30 = 4*k. Suppose -4*j = -6 - k. Calculate the highest common divisor of 27 and j.
3
Suppose 3*w = r + 11, 1 = w - r - 4. Suppose 14 = w*n + 4*n. Suppose -59 = -n*a + 13. Calculate the highest common factor of a and 18.
18
Suppose 7*c + 672 = 9*c. Suppose -o = 6*o - c. Calculate the greatest common divisor of 32 and o.
16
Suppose 3*n = v - 3, -2*v + 0*v + 6 = 5*n. Let b = n - -2. Suppose 64 = -q + 5*q. Calcu